{"id":794,"date":"2023-03-20T10:01:55","date_gmt":"2023-03-20T09:01:55","guid":{"rendered":"http:\/\/new.bajtnetbusko.pl\/?page_id=794"},"modified":"2023-08-17T12:54:32","modified_gmt":"2023-08-17T10:54:32","slug":"posy","status":"publish","type":"page","link":"https:\/\/www.bajtbusko.com.pl\/index.php\/posy\/","title":{"rendered":"POSY"},"content":{"rendered":"\n<div id=\"gspb_row-id-gsbp-9d8f9039-7165\" class=\"gspb_row gspb_row-id-gsbp-9d8f9039-7165 wp-block-greenshift-blocks-row alignfull gspb_row-id-gsbp-9d8f9039-7165 gspb_row--gutter-custom-0\"><div class=\"gspb_row__content\"> \n<div id=\"gspb_col-id-gsbp-bda71f74-5325\" class=\"gspb_row__col--6 wp-block-greenshift-blocks-row-column  gspb_row__col--md-12 gspb_col-id-gsbp-bda71f74-5325\"><div class=\"gspb_backgroundOverlay\"><\/div>\n<div id=\"gspb_image-id-gsbp-3a97136c-c9fe\" class=\"gspb_image gspb_image-id-gsbp-3a97136c-c9fe wp-block-greenshift-blocks-image\"><img loading=\"lazy\" decoding=\"async\" src=\"https:\/\/www.bajtbusko.com.pl\/wp-content\/uploads\/2023\/04\/esline-08-png.png\" data-src=\"\" alt=\"\" width=\"900\" height=\"900\" data-aos=\"fade-right\" data-aos-easing=\"ease\" data-aos-duration=\"2000\" data-aos-once=\"true\"\/><\/div>\n<\/div>\n\n\n\n<div id=\"gspb_col-id-gsbp-e9ee5a83-b060\" class=\"gspb_row__col--6 wp-block-greenshift-blocks-row-column  gspb_row__col--md-12 gspb_col-id-gsbp-e9ee5a83-b060\">\n<div id=\"gspb_container-id-gsbp-9b8df7fd-e25f\" class=\"gspb_container gspb_container-gsbp-9b8df7fd-e25f wp-block-greenshift-blocks-container\" data-aos=\"flip-left\" data-aos-easing=\"ease\" data-aos-duration=\"2000\" data-aos-once=\"true\">\n<h2 id=\"gspb_heading-id-gsbp-b29e3362-0392\" class=\"gspb_heading gspb_heading-id-gsbp-b29e3362-0392 \">SYSTEMY POS<\/h2>\n\n\n\n<div id=\"gspb_text-id-gsbp-2026f889-0a6e\" class=\"gspb_text gspb_text-id-gsbp-2026f889-0a6e \">Oferujemy kompletne wyposa\u017cenie dla ka\u017cdego punktu sprzeda\u017cy, w tym urz\u0105dzenia POS wyposa\u017cone w ekrany dotykowe dedykowane m.in. dla gastronomii, bran\u017cy hotelarskiej. \u015awietnie wsp\u00f3\u0142pracuj\u0105ce z nowoczesnym oprogramowaniem sprzeda\u017cowym.<\/div>\n\n\n\n<div id=\"gspb_button-id-gsbp-0fb06ec9-225f\" class=\"gspb_button_wrapper gspb_button-id-gsbp-0fb06ec9-225f wp-block-greenshift-blocks-button\"><a class=\"gspb-buttonbox\" href=\"https:\/\/novitus.pl\/zestawy-pos-z-programem#produkty\" target=\"_blank\" rel=\"noopener nofollow\"><span class=\"gspb-buttonbox-textwrap\"><span class=\"gspb-buttonbox-text\"><span class=\"gspb-buttonbox-title\">Sprawd\u017a dok\u0142adn\u0105 ofert\u0119<\/span><\/span><\/span><\/a><\/div>\n<\/div>\n\n\n\n<div id=\"gspb_container-id-gsbp-fef7b569-9cf8\" class=\"gspb_container gspb_container-gsbp-fef7b569-9cf8 wp-block-greenshift-blocks-container\" data-aos=\"fade-up\" data-aos-delay=\"2000\" data-aos-easing=\"ease\" data-aos-duration=\"2000\" data-aos-once=\"true\">\n<div id=\"gspb_container-id-gsbp-6679f3c4-55ff\" class=\"gspb_container gspb_container-gsbp-6679f3c4-55ff wp-block-greenshift-blocks-container\">\n<h4 id=\"gspb_heading-id-gsbp-f025caa2-54c0\" class=\"gspb_heading gspb_heading-id-gsbp-f025caa2-54c0 \">Zestaw gastronomiczny MEDIUM<\/h4>\n\n\n\n<div id=\"gspb_text-id-gsbp-700a21ab-ee6b\" class=\"gspb_text gspb_text-id-gsbp-700a21ab-ee6b \">&#8211; POS ESLINE C z systemem Windows10<br>&#8211;\u00a0Program gastronomiczny SOGA POS<br>&#8211;\u00a0Jedno dowolne dodatkowe rozszerzenie <\/div>\n\n\n\n<div id=\"gspb_button-id-gsbp-083d6ace-bae6\" class=\"gspb_button_wrapper gspb_button-id-gsbp-083d6ace-bae6 wp-block-greenshift-blocks-button\"><a class=\"gspb-buttonbox\" href=\"https:\/\/novitus.pl\/zestaw-gastronomiczny-medium\" target=\"_blank\" rel=\"noopener nofollow\"><span class=\"gspb-buttonbox-textwrap\"><span class=\"gspb-buttonbox-text\"><span class=\"gspb-buttonbox-title\">3\u00a0990,00\u00a0z\u0142<\/span><\/span><\/span><\/a><\/div>\n<\/div>\n\n\n\n<div id=\"gspb_container-id-gsbp-3ded0d10-0862\" class=\"gspb_container gspb_container-gsbp-3ded0d10-0862 wp-block-greenshift-blocks-container\">\n<h4 id=\"gspb_heading-id-gsbp-5aa6b35b-f558\" class=\"gspb_heading gspb_heading-id-gsbp-5aa6b35b-f558 \">Zestaw gastronomiczny SOGA TAB<\/h4>\n\n\n\n<div id=\"gspb_text-id-gsbp-ca955e3b-1fbd\" class=\"gspb_text gspb_text-id-gsbp-ca955e3b-1fbd \">&#8211; Ma\u0142a restauracja<br>&#8211; Tablet 10&#8243; z Windows10<br>&#8211;\u00a0Program SOGA POS i SOGAcloud<\/div>\n\n\n\n<div id=\"gspb_button-id-gsbp-b40a002e-8082\" class=\"gspb_button_wrapper gspb_button-id-gsbp-b40a002e-8082 wp-block-greenshift-blocks-button\"><a class=\"gspb-buttonbox\" href=\"https:\/\/novitus.pl\/zestaw-gastronomiczny-soga-tab-p\" target=\"_blank\" rel=\"noopener nofollow\"><span class=\"gspb-buttonbox-textwrap\"><span class=\"gspb-buttonbox-text\"><span class=\"gspb-buttonbox-title\">1\u00a0990,00\u00a0z\u0142<\/span><\/span><\/span><\/a><\/div>\n<\/div>\n<\/div>\n<\/div>\n <\/div><\/div>\n","protected":false},"excerpt":{"rendered":"","protected":false},"author":1,"featured_media":0,"parent":0,"menu_order":0,"comment_status":"closed","ping_status":"closed","template":"no-title","meta":{"_gspb_post_css":"#gspb_image-id-gsbp-3a97136c-c9fe img{vertical-align:top;display:inline-block;transition-duration:2s;transition-timing-function:ease;opacity:0;transition-property:opacity,transform;transform:translate3d(-60px,0,0)}#gspb_image-id-gsbp-3a97136c-c9fe img.aos-animate,#gspb_image-id-gsbp-3a97136c-c9fe img[data-gs-aos]{opacity:1;transform:translateZ(0)}#gspb_col-id-gsbp-bda71f74-5325.gspb_row__col--6{width:50%}@media (max-width:991.98px){#gspb_col-id-gsbp-bda71f74-5325.gspb_row__col--6{width:100%}}@media (max-width:575.98px){#gspb_col-id-gsbp-bda71f74-5325.gspb_row__col--6{width:100%}}body.gspb-bodyfront #gspb_col-id-gsbp-bda71f74-5325.gspb_row__col--6{width:40%}@media (max-width:991.98px){body.gspb-bodyfront #gspb_col-id-gsbp-bda71f74-5325.gspb_row__col--6{width:100%}}@media (max-width:575.98px){body.gspb-bodyfront #gspb_col-id-gsbp-bda71f74-5325.gspb_row__col--6{width:100%}}@media (max-width:991.98px){#gspb_col-id-gsbp-bda71f74-5325.gspb_row__col--6{order:1}}.gspb_row.wp-block-greenshift-blocks-row #gspb_col-id-gsbp-bda71f74-5325.gspb_row__col--6{padding:3rem 5rem}#gspb_col-id-gsbp-bda71f74-5325.gspb_row__col--6,#gspb_col-id-gsbp-bda71f74-5325.gspb_row__col--6>.gspb_backgroundOverlay{border-top-left-radius:1.5rem;border-top-right-radius:1.5rem;border-bottom-right-radius:1.5rem;border-bottom-left-radius:1.5rem}#gspb_col-id-gsbp-bda71f74-5325.gspb_row__col--6>.gspb_backgroundOverlay{position:absolute;top:0;left:0;width:100%;height:100%;z-index:-1;background-color:#fff}body .gspb_row.wp-block-greenshift-blocks-row #gspb_col-id-gsbp-bda71f74-5325.gspb_row__col--6{display:flex;justify-content:center;align-items:center}#gspb_col-id-gsbp-bda71f74-5325.gspb_row__col--6{z-index:0}#gspb_heading-id-gsbp-b29e3362-0392,#gspb_heading-id-gsbp-b29e3362-0392 .wp-block{font-size:5rem;line-height:3.5rem}@media (max-width:991.98px){#gspb_heading-id-gsbp-b29e3362-0392,#gspb_heading-id-gsbp-b29e3362-0392 .wp-block{font-size:2.25rem;line-height:2.5rem}}@media (max-width:575.98px){#gspb_heading-id-gsbp-b29e3362-0392,#gspb_heading-id-gsbp-b29e3362-0392 .wp-block{font-size:1.9rem;line-height:2.25rem}}#gspb_heading-id-gsbp-b29e3362-0392,#gspb_heading-id-gsbp-b29e3362-0392 .wp-block{letter-spacing:-.01em}@media (max-width:991.98px){#gspb_heading-id-gsbp-b29e3362-0392,#gspb_heading-id-gsbp-b29e3362-0392 .wp-block{letter-spacing:-.015em}}#gspb_heading-id-gsbp-b29e3362-0392,#gspb_heading-id-gsbp-b29e3362-0392 .wp-block{font-weight:800!important;color:#fff}#gspb_heading-id-gsbp-b29e3362-0392{margin:0}.gspb_text-id-gsbp-2026f889-0a6e,.gspb_text-id-gsbp-2026f889-0a6e .wp-block{font-size:1.2rem;line-height:2rem}@media (max-width:991.98px){.gspb_text-id-gsbp-2026f889-0a6e,.gspb_text-id-gsbp-2026f889-0a6e .wp-block{font-size:1.1rem}}@media (max-width:575.98px){.gspb_text-id-gsbp-2026f889-0a6e,.gspb_text-id-gsbp-2026f889-0a6e .wp-block{font-size:1.1rem;line-height:1.9rem}}.gspb_text-id-gsbp-2026f889-0a6e,.gspb_text-id-gsbp-2026f889-0a6e .wp-block{color:#5a6779}.gspb_text-id-gsbp-2026f889-0a6e{margin-top:1.5rem;padding-right:3rem}@media (max-width:991.98px){.gspb_text-id-gsbp-2026f889-0a6e{margin-top:1rem;padding-right:0}}.gspb_button-id-gsbp-0fb06ec9-225f{display:flex;justify-content:flex-start}.gspb_button-id-gsbp-0fb06ec9-225f .gspb-buttonbox-text{display:flex;flex-direction:column}.gspb_button-id-gsbp-0fb06ec9-225f>.gspb-buttonbox{display:inline-block;padding:13px 26px;text-decoration:none!important;color:#fff;font-size:16px;line-height:16px;position:relative;z-index:0;cursor:pointer;box-sizing:border-box;margin-top:2rem;padding:.9rem 1.7rem;background-color:#2e63f5}.gspb_button-id-gsbp-0fb06ec9-225f>.gspb-buttonbox,.gspb_button-id-gsbp-0fb06ec9-225f>.gspb-buttonbox .wp-block{font-size:1rem;line-height:1.5rem;letter-spacing:.04em;font-weight:600!important}.gspb_button-id-gsbp-0fb06ec9-225f>.gspb-buttonbox,.gspb_button-id-gsbp-0fb06ec9-225f>.gspb-buttonbox>.gspb_backgroundOverlay{border-top-left-radius:99px;border-top-right-radius:99px;border-bottom-right-radius:99px;border-bottom-left-radius:99px}#gspb_container-id-gsbp-9b8df7fd-e25f.gspb_container{position:relative;flex-direction:column;box-sizing:border-box;transition-duration:2s;transition-timing-function:ease;backface-visibility:hidden;transition-property:opacity,transform;opacity:0;transform:perspective(2500px) rotateY(-100deg)}#gspb_container-id-gsbp-9b8df7fd-e25f.gspb_container .gspb_container__content{margin:auto}#gspb_container-id-gsbp-3ded0d10-0862.gspb_container>p:last-of-type,#gspb_container-id-gsbp-6679f3c4-55ff.gspb_container>p:last-of-type,#gspb_container-id-gsbp-9b8df7fd-e25f.gspb_container>p:last-of-type,#gspb_container-id-gsbp-fef7b569-9cf8.gspb_container>p:last-of-type{margin-bottom:0}#gspb_container-id-gsbp-9b8df7fd-e25f.gspb_container.aos-animate,#gspb_container-id-gsbp-9b8df7fd-e25f.gspb_container[data-gs-aos]{transform:perspective(2500px) rotateY(0);opacity:1}#gspb_heading-id-gsbp-f025caa2-54c0,#gspb_heading-id-gsbp-f025caa2-54c0 .wp-block{font-size:1.12rem;line-height:1.75rem;color:#2184f9}#gspb_heading-id-gsbp-f025caa2-54c0{margin:0}.gspb_text-id-gsbp-700a21ab-ee6b,.gspb_text-id-gsbp-700a21ab-ee6b .wp-block{font-size:.9rem;line-height:1.25rem;letter-spacing:.02em;color:#5a6779}.gspb_text-id-gsbp-700a21ab-ee6b{margin-top:1rem}.gspb_button-id-gsbp-083d6ace-bae6{display:flex;justify-content:center}.gspb_button-id-gsbp-083d6ace-bae6 .gspb-buttonbox-text{display:flex;flex-direction:column}.gspb_button-id-gsbp-083d6ace-bae6>.gspb-buttonbox{display:inline-block;text-decoration:none!important;font-size:16px;line-height:16px;position:relative;z-index:0;cursor:pointer;box-sizing:border-box;margin-top:1.5rem;padding:0;background-color:#00000000}.gspb_button-id-gsbp-083d6ace-bae6>.gspb-buttonbox,.gspb_button-id-gsbp-083d6ace-bae6>.gspb-buttonbox .wp-block{font-size:.88rem;line-height:1.25rem;font-weight:700!important;color:#2563eb}#gspb_container-id-gsbp-6679f3c4-55ff.gspb_container{position:relative;flex-direction:column;box-sizing:border-box}#gspb_container-id-gsbp-3ded0d10-0862.gspb_container .gspb_container__content,#gspb_container-id-gsbp-6679f3c4-55ff.gspb_container .gspb_container__content,#gspb_container-id-gsbp-fef7b569-9cf8.gspb_container .gspb_container__content{margin:auto}#gspb_heading-id-gsbp-5aa6b35b-f558,#gspb_heading-id-gsbp-5aa6b35b-f558 .wp-block{font-size:1.12rem;line-height:1.75rem;color:#2184f9}#gspb_heading-id-gsbp-5aa6b35b-f558{margin:0}.gspb_text-id-gsbp-ca955e3b-1fbd,.gspb_text-id-gsbp-ca955e3b-1fbd .wp-block{font-size:.9rem;line-height:1.25rem;letter-spacing:.02em;color:#5a6779}.gspb_text-id-gsbp-ca955e3b-1fbd{margin-top:1rem}.gspb_button-id-gsbp-b40a002e-8082{display:flex;justify-content:center}.gspb_button-id-gsbp-b40a002e-8082 .gspb-buttonbox-text{display:flex;flex-direction:column}.gspb_button-id-gsbp-b40a002e-8082>.gspb-buttonbox{display:inline-block;text-decoration:none!important;font-size:16px;line-height:16px;position:relative;z-index:0;cursor:pointer;box-sizing:border-box;margin-top:1.5rem;padding:0;background-color:#00000000}.gspb_button-id-gsbp-b40a002e-8082>.gspb-buttonbox,.gspb_button-id-gsbp-b40a002e-8082>.gspb-buttonbox .wp-block{font-size:.88rem;line-height:1.25rem;font-weight:700!important;color:#2563eb}#gspb_container-id-gsbp-3ded0d10-0862.gspb_container,#gspb_container-id-gsbp-fef7b569-9cf8.gspb_container{position:relative;flex-direction:column;box-sizing:border-box}body.gspb-bodyfront #gspb_container-id-gsbp-fef7b569-9cf8.gspb_container{display:grid;grid-template-columns:repeat(2,minmax(0,1fr));row-gap:2rem;column-gap:2rem}@media (max-width:575.98px){body.gspb-bodyfront #gspb_container-id-gsbp-fef7b569-9cf8.gspb_container{grid-template-columns:repeat(1,minmax(0,1fr))}}#gspb_container-id-gsbp-fef7b569-9cf8.gspb_container{margin-top:1rem;padding-top:2rem}@media (max-width:991.98px){#gspb_container-id-gsbp-fef7b569-9cf8.gspb_container{margin-top:4rem}}@media (max-width:575.98px){#gspb_container-id-gsbp-fef7b569-9cf8.gspb_container{margin-top:2rem}}#gspb_container-id-gsbp-fef7b569-9cf8.gspb_container{border-top-style:none;border-top-width:1px;border-top-color:#e3e3e3;transition-duration:2s;transition-timing-function:ease;transition-delay:0s;opacity:0;transition-property:opacity,transform;transform:translate3d(0,60px,0)}#gspb_container-id-gsbp-fef7b569-9cf8.gspb_container.aos-animate,#gspb_container-id-gsbp-fef7b569-9cf8.gspb_container[data-gs-aos]{transition-delay:2s;opacity:1;transform:translateZ(0)}#gspb_col-id-gsbp-e9ee5a83-b060.gspb_row__col--6{width:50%}@media (max-width:991.98px){#gspb_col-id-gsbp-e9ee5a83-b060.gspb_row__col--6{width:100%}}@media (max-width:575.98px){#gspb_col-id-gsbp-e9ee5a83-b060.gspb_row__col--6{width:100%}}body.gspb-bodyfront #gspb_col-id-gsbp-e9ee5a83-b060.gspb_row__col--6{width:60%}@media (max-width:991.98px){body.gspb-bodyfront #gspb_col-id-gsbp-e9ee5a83-b060.gspb_row__col--6{width:100%}}@media (max-width:575.98px){body.gspb-bodyfront #gspb_col-id-gsbp-e9ee5a83-b060.gspb_row__col--6{width:100%}}@media (max-width:991.98px){#gspb_col-id-gsbp-e9ee5a83-b060.gspb_row__col--6{order:2}}.gspb_row.wp-block-greenshift-blocks-row #gspb_col-id-gsbp-e9ee5a83-b060.gspb_row__col--6{padding:0}#gspb_row-id-gsbp-9d8f9039-7165.gspb_row{justify-content:space-between;margin-top:0;margin-bottom:0;position:relative;display:flex;flex-wrap:wrap;padding:3rem 2rem 5rem}#gspb_row-id-gsbp-9d8f9039-7165.gspb_row>.gspb_row__content{display:flex;justify-content:space-between;margin:0 auto;width:100%}#gspb_row-id-gsbp-9d8f9039-7165.gspb_row div[class^=gspb_row__col]{flex-direction:column;position:relative}#gspb_row-id-gsbp-9d8f9039-7165.gspb_row .gspb_row__col--1,#gspb_row-id-gsbp-9d8f9039-7165.gspb_row .gspb_row__col--10,#gspb_row-id-gsbp-9d8f9039-7165.gspb_row .gspb_row__col--11,#gspb_row-id-gsbp-9d8f9039-7165.gspb_row .gspb_row__col--12,#gspb_row-id-gsbp-9d8f9039-7165.gspb_row .gspb_row__col--2,#gspb_row-id-gsbp-9d8f9039-7165.gspb_row .gspb_row__col--24,#gspb_row-id-gsbp-9d8f9039-7165.gspb_row .gspb_row__col--3,#gspb_row-id-gsbp-9d8f9039-7165.gspb_row .gspb_row__col--4,#gspb_row-id-gsbp-9d8f9039-7165.gspb_row .gspb_row__col--5,#gspb_row-id-gsbp-9d8f9039-7165.gspb_row .gspb_row__col--6,#gspb_row-id-gsbp-9d8f9039-7165.gspb_row .gspb_row__col--7,#gspb_row-id-gsbp-9d8f9039-7165.gspb_row .gspb_row__col--8,#gspb_row-id-gsbp-9d8f9039-7165.gspb_row .gspb_row__col--9{padding:15px min(3vw,20px);box-sizing:border-box}#gspb_row-id-gsbp-9d8f9039-7165.gspb_row>.gspb_row__content{row-gap:3rem;column-gap:5rem;flex-wrap:nowrap}@media (max-width:991.98px){#gspb_row-id-gsbp-9d8f9039-7165.gspb_row>.gspb_row__content{column-gap:0;flex-wrap:wrap}}#gspb_row-id-gsbp-9d8f9039-7165.gspb_row>.gspb_row__content{max-width:75rem}@media (max-width:991.98px){#gspb_row-id-gsbp-9d8f9039-7165.gspb_row>.gspb_row__content{max-width:75rem}}@media (max-width:991.98px){#gspb_row-id-gsbp-9d8f9039-7165.gspb_row{padding:5rem 2rem}}@media (max-width:575.98px){#gspb_row-id-gsbp-9d8f9039-7165.gspb_row{padding-right:1.5rem;padding-left:1.5rem}}","_monsterinsights_skip_tracking":false,"_monsterinsights_sitenote_active":false,"_monsterinsights_sitenote_note":"","_monsterinsights_sitenote_category":0,"footnotes":""},"class_list":["post-794","page","type-page","status-publish","hentry"],"aioseo_notices":[],"_links":{"self":[{"href":"https:\/\/www.bajtbusko.com.pl\/index.php\/wp-json\/wp\/v2\/pages\/794","targetHints":{"allow":["GET"]}}],"collection":[{"href":"https:\/\/www.bajtbusko.com.pl\/index.php\/wp-json\/wp\/v2\/pages"}],"about":[{"href":"https:\/\/www.bajtbusko.com.pl\/index.php\/wp-json\/wp\/v2\/types\/page"}],"author":[{"embeddable":true,"href":"https:\/\/www.bajtbusko.com.pl\/index.php\/wp-json\/wp\/v2\/users\/1"}],"replies":[{"embeddable":true,"href":"https:\/\/www.bajtbusko.com.pl\/index.php\/wp-json\/wp\/v2\/comments?post=794"}],"version-history":[{"count":26,"href":"https:\/\/www.bajtbusko.com.pl\/index.php\/wp-json\/wp\/v2\/pages\/794\/revisions"}],"predecessor-version":[{"id":1121,"href":"https:\/\/www.bajtbusko.com.pl\/index.php\/wp-json\/wp\/v2\/pages\/794\/revisions\/1121"}],"wp:attachment":[{"href":"https:\/\/www.bajtbusko.com.pl\/index.php\/wp-json\/wp\/v2\/media?parent=794"}],"curies":[{"name":"wp","href":"https:\/\/api.w.org\/{rel}","templated":true}]}}